ime factors of 83343110.
2, 5, 8334311
What are the prime factors of 518144818?
2, 37, 149, 46993
What are the prime factors of 1050653574?
2, 3, 58369643
List the prime factors of 33186570.
2, 3, 5, 1106219
List the prime factors of 1453937958.
2, 3, 11, 877, 2791
What are the prime factors of 7488184837?
7, 17, 62925923
List the prime factors of 154233221.
349, 359, 1231
What are the prime factors of 5424567397?
5424567397
What are the prime factors of 307840412?
2, 11, 47, 148859
What are the prime factors of 21186489?
3, 823, 8581
List the prime factors of 1263523423.
23, 4391, 12511
List the prime factors of 5464622.
2, 2732311
List the prime factors of 225332701.
11, 37, 553643
What are the prime factors of 1131668085?
3, 5, 59, 1278721
What are the prime factors of 28600462?
2, 11, 1300021
List the prime factors of 808819454.
2, 29, 13945163
List the prime factors of 977896541.
19, 1279, 40241
List the prime factors of 227975181.
3, 7, 463, 23447
What are the prime factors of 30102072?
2, 3, 7, 11, 13, 179
List the prime factors of 242912745.
3, 5, 17, 31, 10243
What are the prime factors of 59348453?
59348453
List the prime factors of 1202409825.
3, 5, 107, 269, 557
List the prime factors of 700512586.
2, 13103, 26731
What are the prime factors of 49021555?
5, 11, 53, 67, 251
List the prime factors of 72962878.
2, 17, 193, 11119
What are the prime factors of 9553872?
2, 3, 199039
List the prime factors of 73866863.
7, 1507487
What are the prime factors of 26339286?
2, 3, 4389881
List the prime factors of 77344973.
77344973
What are the prime factors of 3787109886?
2, 3, 7, 439, 205397
List the prime factors of 59425621.
59425621
What are the prime factors of 39542604?
2, 3, 47, 70111
List the prime factors of 155425612.
2, 38856403
What are the prime factors of 1905228063?
3, 17, 12452471
List the prime factors of 80302785.
3, 5, 167, 32057
What are the prime factors of 4202570018?
2, 2101285009
List the prime factors of 798220740.
2, 3, 5, 47, 79, 3583
List the prime factors of 32690331.
3, 1210753
What are the prime factors of 936105707?
191, 4901077
List the prime factors of 291187812.
2, 3, 3301, 7351
What are the prime factors of 543008350?
2, 5, 10860167
What are the prime factors of 9006179?
7, 13, 23, 331
What are the prime factors of 329794527?
3, 1627, 67567
What are the prime factors of 5383700035?
5, 7, 149, 1032349
List the prime factors of 3360339417.
3, 29, 307, 125813
What are the prime factors of 61794689?
11, 5617699
List the prime factors of 327425290.
2, 5, 19, 1723291
List the prime factors of 16261537.
17, 37, 103, 251
What are the prime factors of 25316278?
2, 13, 271, 3593
What are the prime factors of 4500577561?
1327, 3391543
List the prime factors of 18006004.
2, 359, 12539
What are the prime factors of 167364308?
2, 41841077
List the prime factors of 7111866033.
3, 2671, 295847
What are the prime factors of 1857144?
2, 3, 223, 347
What are the prime factors of 1464372740?
2, 5, 23, 43, 101, 733
List the prime factors of 656374759.
23, 28538033
What are the prime factors of 140397064?
2, 43, 408131
What are the prime factors of 79858059?
3, 107, 248779
List the prime factors of 75920998.
2, 19, 1997921
What are the prime factors of 473412910?
2, 5, 23, 83, 24799
List the prime factors of 98268101.
3407, 28843
List the prime factors of 24581119.
24581119
List the prime factors of 2946606128.
2, 9281, 19843
What are the prime factors of 54341813?
113, 131, 3671
List the prime factors of 135392315.
5, 59, 458957
List the prime factors of 18391741.
18391741
What are the prime factors of 1212270?
2, 3, 5, 17, 2377
List the prime factors of 478002243.
3, 17, 479, 1151
What are the prime factors of 71329732?
2, 53, 79, 4259
List the prime factors of 81289642.
2, 7, 151, 38453
List the prime factors of 932445403.
227, 4107689
List the prime factors of 199794911.
199794911
What are the prime factors of 15528299?
41, 378739
What are the prime factors of 1387526996?
2, 251, 1381999
List the prime factors of 98826309.
3, 10980701
What are the prime factors of 206040150?
2, 3, 5, 53, 163
List the prime factors of 373645740.
2, 3, 5, 13, 61, 7853
List the prime factors of 11394098.
2, 5697049
What are the prime factors of 142844768?
2, 11, 263, 1543
What are the prime factors of 462954944?
2, 41, 176431
List the prime factors of 280429880.
2, 5, 107, 65521
What are the prime factors of 2194810719?
3, 23, 53, 600167
What are the prime factors of 215768230?
2, 5, 433, 49831
List the prime factors of 176836414.
2, 17, 89, 58439
What are the prime factors of 1897531112?
2, 5479, 43291
List the prime factors of 52614246.
2, 3, 8769041
What are the prime factors of 187657957?
187657957
List the prime factors of 58666679.
58666679
List the prime factors of 24753227.
71, 348637
What are the prime factors of 69078827?
69078827
What are the prime factors of 61616716?
2, 7, 31, 10141
What are the prime factors of 1455134204?
2, 363783551
What are the prime factors of 38425322?
2, 13, 1477897
List the prime factors of 14226876.
2, 3, 395191
What are the prime factors of 335142498?
2, 3, 1901, 29383
List the prime factors of 1650023646.
2, 3, 1697, 162053
List the prime factors of 187055418.
2, 3, 11, 19, 43, 3469
List the prime factors of 2371555534.
2, 1185777767
What are the prime factors of 39123207?
3, 23, 331, 571
What are the prime factors of 2342989504?
2, 17, 43, 61, 821
List the prime factors of 39184266.
2, 3, 11, 43, 13807
What are the prime factors of 296745962?
2, 79, 1878139
What are the prime factors of 102158628?
2, 3, 11, 13, 37, 1609
What are the prime factors of 2412581942?
2, 41, 53, 181, 3067
What are the prime factors of 6937577985?
3, 5, 13, 35577323
List the prime factors of 2856669237.
3, 317407693
What are the prime factors of 87997458?
2, 3, 227, 64609
What are the prime factors of 142597125?
3, 5, 11, 23, 167
List the prime factors of 3823825745.
5, 179, 919, 4649
List the prime factors of 309745840.
2, 5, 3871823
List the prime factors of 62080591.
137, 453143
List the prime factors of 69375608.
2, 41, 257, 823
List the prime factors of 706581480.
2, 3, 5, 11, 139, 3851
List the prime factors of 235029637.
235029637
What are the prime factors of 161294405?
5, 131, 246251
What are the prime factors of 143995847?
23, 157, 39877
What are the prime factors of 143103061?
143103061
What are the prime factors of 14779130?
2, 5, 1477913
What are the prime factors of 66531908?
2, 73, 227849
What are the prime factors of 64884504?
2, 3, 251, 10771
What are the prime factors of 26401548?
2, 3, 191, 11519
What are the prime factors of 58057109?
11, 5277919
List the prime factors of 1041773903.
1041773903
List the prime factors of 78865791.
3, 26288597
List the prime factors of 18735501.
3, 19, 23, 31, 461
List the prime factors of 115971440.
2, 5, 13, 19, 5869
What are the prime factors of 956891673?
3, 619, 171763
What are the prime factors of 143704171?
13, 863, 12809
List the prime factors of 7306306.
2, 7, 521879
List the prime factors of 176400871.
2069, 85259
List the prime factors of 11305385.
5, 7, 13, 24847
What are the prime factors of 296910771?
3, 181, 353, 1549
List the prime factors of 764210883.
3, 443, 575027
What are the prime factors of 29553183?
3, 11, 23, 12979
List the prime factors of 20424732.
2, 3, 1702061
What are the prime factors of 2017368907?
4793, 420899
What are the prime factors of 1058736921?
3, 11, 32082937
List the prime factors of 2175429928.
2, 7, 19, 2044577
List the prime factors of 564159379.
7, 331, 243487
List the prime factors of 61543747.
41, 163, 9209
What are the prime factors of 142944?
2, 3, 1489
List the prime factors of 637768969.
61, 10455229
List the prime factors of 1477252171.
89, 16598339
List the prime factors of 75554640.
2, 3, 5, 7, 19, 263
List the prime factors of 2488246401.
3, 829415467
What are the prime factors of 273536999?
23, 2971, 4003
List the prime factors of 994308780.
2, 3, 5, 43, 385391
List the prime factors of 2998532394.
2, 3, 11, 13, 211, 5521
What are the prime factors of 56266284?
2, 3, 53, 88469
What are the prime factors of 77506036?
2, 167, 116027
What are the prime factors of 907097791?
19, 47, 67, 15161
List the prime factors of 1